w**3 + 2*w**2 - w + 3. What are the prime factors of h(2)?
5, 13
Let h be (-21)/(-7) - -1*5. Suppose 4*b - h = -t, -3*b + 68 = 3*t - 2*b. List the prime factors of t.
2, 3
Let w be (4/(-12))/((-4)/24). Suppose -w*j - 96 = -4*j. List the prime factors of j.
2, 3
Suppose -3*u - 2475 = -8*u. Suppose -6*r = -3*r - u. List the prime factors of r.
3, 5, 11
Let g(w) = w + 5. Let c be g(-5). Suppose 3*u - 11 - 139 = c. Let h = u + -17. What are the prime factors of h?
3, 11
Suppose 4*m - 55 = d, -2*d + 4*m = -5 + 131. Let c = d + 153. What are the prime factors of c?
2, 41
Let l(h) = -3*h**2 - 12*h - 10. Let q(o) = o**2 - o + 1. Let w(c) = l(c) + 2*q(c). What are the prime factors of w(-13)?
5
Suppose -2*h + 2324 = 2*o, -o - 3201 = -3*h + 281. List the prime factors of h.
3, 43
Let v(g) = 13*g - 26*g**2 + 8*g + g**3 + 49 - 12*g + 23*g. What are the prime factors of v(25)?
2, 7
Suppose 9*q - a - 217 = 4*q, 0 = -5*a - 10. Suppose 0 = 4*u - 29 - q. Let y = u - 11. What are the prime factors of y?
7
Suppose -2*m - 5*k = -14, -4*m + 4*k + 14 = -2*m. Suppose m*f - 22 + 1 = 0. Suppose f*j + 2*d = 200, 336 = 6*j - j + 4*d. List the prime factors of j.
2
Suppose -23*b + 10152 = -15*b. What are the prime factors of b?
3, 47
Let d be (9/(-2))/(9/18). Let i = d - -169. List the prime factors of i.
2, 5
Suppose 4*r - 2081 = -q + 339, 0 = 5*r + 3*q - 3018. List the prime factors of r.
2, 3, 101
Let a be 160 + ((-2)/(-12) - (-3)/(-18)). Let d = -111 + a. List the prime factors of d.
7
Let z(n) = n**2 + n. Let h be z(-1). Suppose -g - 2 = h, -3*s + g - 2 = 14. List the prime factors of 206/10 + s/(-15).
3, 7
What are the prime factors of ((-5)/((-125)/5))/(9/162765)?
3617
Suppose 2*j - 4 = j, -3*m - 2*j = -5201. List the prime factors of m.
3, 577
Let x = 106 - 160. Let w = x + 71. What are the prime factors of w?
17
Let j(v) = -v + 5. Let m be j(5). Let z be (m - (-2)/(-4))*2. List the prime factors of (0 - z)/(1/23).
23
Suppose 9*f - 223 = 56. What are the prime factors of f - (-5 - (3 - 5))?
2, 17
Let x(f) = 11*f**2 - 15*f + 11. Let m be x(8). Suppose -5*q + 6*q = -3*s + 193, 0 = 3*q + 5*s - m. List the prime factors of q.
5, 41
Let v(t) = -t**3 + t**2 + t + 7. Let m be v(0). Suppose -2*u + m*u + 5*l - 295 = 0, 2*u = -3*l + 122. What are the prime factors of u?
5, 11
Let f(v) = 7*v**3 - 10*v**2 + 36*v - 160. What are the prime factors of f(6)?
2, 151
Let n = 5 + -12. List the prime factors of (476/98)/((-1)/n).
2, 17
Suppose 2*h - 6*h + 740 = 0. Let a = h - 341. Let r = a - -227. List the prime factors of r.
71
Let x be (-194036)/(-10) - 4/(-10). Let g be x/162 + 2/9. Suppose 4*k - g = -4. List the prime factors of k.
29
Let i(s) = -2*s**3 - 13*s**2 - s + 9. Let d be i(-7). Let u = 131 - d. List the prime factors of u.
2, 3, 11
Let j(c) = c**2 + 2*c + 3. Let k be j(6). What are the prime factors of k*((-28)/(-12) + 0)?
7, 17
Let l = -2059 - -4042. List the prime factors of l.
3, 661
What are the prime factors of 3 + (-11)/3 - 9826/(-6)?
1637
Suppose 0 = 5*b + 13 + 7. Let t be b/(-8)*(1 + -925). List the prime factors of ((-1)/(-2))/((-7)/t).
3, 11
Let h = -6169 + 9024. What are the prime factors of h?
5, 571
Let i = 485 + 762. What are the prime factors of i?
29, 43
Let g = 14 + -4. Let m(j) = j**2 - 9*j - 4. Let x be m(g). Let v = 12 + x. List the prime factors of v.
2, 3
Let g(a) = a**2 + 24*a + 25. What are the prime factors of g(11)?
2, 5, 41
Let a(y) = y + 4. Let i be a(-6). Let n(g) = -2*g - 3. Let j be n(i). Suppose -3*k + k = -5*t - 11, j = -t. What are the prime factors of k?
3
Suppose 2*z + 8 = 12. Suppose 0 = -h + b + 5, h = 3*b + z + 3. Suppose 4*j = -c - 0*j, j = -h. What are the prime factors of c?
2, 5
Suppose 3*j - 172 = 2*h + 2*h, -4*h + 128 = 2*j. Let b be (54/5)/(18/j). Suppose -7*u - b = -z - 2*u, 2*z = 2*u + 96. List the prime factors of z.
3, 17
Let y be 180 + 2 + -1 + (-3 - 1). Suppose -y = 2*l - 5*l. List the prime factors of l.
59
Let v = -6 + 2. Let l(x) = 3*x - 5. Let i(p) = -3*p + 2. Let o(f) = 5*i(f) + 4*l(f). What are the prime factors of o(v)?
2
Suppose 0 = z, 0*z = -5*r - 2*z - 5. Let i be 2 + r + 14/14. Suppose -i*h = b - 28, 0 = 3*b - b + 2*h - 64. List the prime factors of b.
2, 3
Let p(t) = t**3 - t**2 - 5*t + 691. What are the prime factors of p(0)?
691
Suppose 5*d = 734 - 309. Let o = -5 - -7. Suppose 3*k + o*k = d. What are the prime factors of k?
17
Let a(o) = -o + 10. Let k be a(8). Let j = k + 0. Suppose 3*t - 135 = -j*t. What are the prime factors of t?
3
Let m = -236 - -356. List the prime factors of m.
2, 3, 5
Suppose 3*n = 3*k - 1227, -7*k + 5*k + 818 = -5*n. List the prime factors of k.
409
Suppose -2*v - 2 = 4*k, -30 = -2*k + 4*v - 6. Suppose k*q + 5*m = 30, 2*m = 3*q + 2*q - 17. Suppose 2*r - 97 - q = 0. What are the prime factors of r?
3, 17
Suppose -4*o + 150 = 2*o. Let f = -16 + o. List the prime factors of f.
3
Let h = -4 - -9. Let a be (h/(-10))/(1/(-8)). Suppose a*w - 15 - 37 = 0. List the prime factors of w.
13
Suppose 18*w - 51 = 21. Let t(h) = 2*h**3 + 12*h - 11. List the prime factors of t(w).
3, 5, 11
Let x = 53 + -17. Let h be (204/9)/((-38)/57). Let p = x + h. List the prime factors of p.
2
Let b(f) be the first derivative of f**4/4 + 10*f**3/3 - 3*f**2/2 - 18*f - 2. What are the prime factors of b(-8)?
2, 67
Suppose -5*a + 0*a = -15. Let n = 36 + a. List the prime factors of n.
3, 13
Let v be 0/4*(2 - 1). Let b(p) = -p**3 + p**2 + 2. Let d be b(v). Suppose 2*i = -d + 50. List the prime factors of i.
2, 3
Let s(c) be the second derivative of -c**4/12 + 4*c**3/3 + 5*c**2/2 + 3*c. List the prime factors of s(5).
2, 5
Let z = 439 - 282. Let l = 361 - z. List the prime factors of l.
2, 3, 17
Let a(z) = z**3 - z**2. Let d be a(0). Suppose d*h + h + 88 = r, -3*r = -h - 272. List the prime factors of r.
2, 23
Suppose 9*r = 18659 + 205. What are the prime factors of r?
2, 131
Suppose -j - 3*b + 51 = j, 2*j = -5*b + 53. Let g be (-4)/j - 2/(-12). Suppose g = -x - x + 44. What are the prime factors of x?
2, 11
Let o = -76 - -86. List the prime factors of (0 + 5/o)*8.
2
Suppose 14*r = 12*r. Suppose -q + 2 = d - 4, 2*d - 2*q - 32 = r. List the prime factors of d.
11
Let h(s) = 4*s**3 - 3*s**2 - 8*s + 1. What are the prime factors of h(6)?
709
Let c(s) = 14*s**2 - 4*s + 22. What are the prime factors of c(7)?
2, 5, 17
Suppose -4*v + 221 = -139. Let m = v - 51. What are the prime factors of m?
3, 13
Let d(j) = -2*j + 12. Let h(r) = -r + 1. Suppose -4*t = 2*y - 20, 4*y - 2*y = 5*t - 7. Let s(u) = t*h(u) + d(u). List the prime factors of s(-7).
2, 5
Let f(u) = -u**2 + 17*u - 11. Let l be f(16). Let c(v) = 1 - l*v + 1 + 10*v + v**2 - 4. What are the prime factors of c(3)?
2, 11
Suppose 0 = -2*k + 6*k - 5*g - 400, 3*g = k - 107. What are the prime factors of (-19)/38 - k/(-2)?
47
Suppose -19*a = -41*a + 11066. What are the prime factors of a?
503
Let q(x) = 3*x + 4. Let c be q(0). Suppose -5*j + 24 = -c*j. List the prime factors of j.
2, 3
Let v(u) = u - 1. Let k(s) = -s**2 - 10*s. Let q(i) = -2*k(i) + 2*v(i). Let w be q(-15). What are the prime factors of 3/(-3 - (-360)/w)?
59
Let a be 92/(-6) + (-1)/(-3). Suppose -2*o = 4*v - 20 - 68, -4*v + 4*o = -76. Let y = a + v. What are the prime factors of y?
2, 3
What are the prime factors of 1/(-6) - (7 - (-7635)/(-18))?
3, 139
Let p = -1157 - -1976. What are the prime factors of p?
3, 7, 13
Let c(n) = -n**2 + 1. Let w(k) = k**3 - k - 3. Let z(s) = 5*c(s) + w(s). Let g(f) = f**3 + 3*f**2 - 7*f - 6. Let l be g(-4). What are the prime factors of z(l)?
2
Let i(a) = -2*a - 121. Let w be i(0). Let d = w + 184. List the prime factors of d.
3, 7
Suppose 6*u + 2*i = 4*u, 3*u - i = 20. Suppose -396 = -u*h - 2*q, 2*q - q = -4*h + 318. List the prime factors of h.
2, 5
Let z(r) = -2*r - 14. Let m be z(-8). Suppose 4*s + m*s = 0. Suppose s = -2*w - w - 3*o + 78, -3*o = -3*w + 78. What are the prime factors of w?
2, 13
Suppose 0*g + 5*g = -35. Let s(b) be the second derivative of -b**5/20 - b**4/2 + 5*b**3/6 + 4*b**2 - b. List the prime factors of s(g).
2, 11
Let k be -1 - (3 + 4 + -3). Let x = k - -19. What are the prime factors of x?
2, 7
Let r = 783 - 250. What are the prime factors of r?
13, 41
Let z = -4 - -8. Let l = 10 - z. What are the prime factors of ((-15)/10)/(l/(-88))?
2,